n - 5. Give q(-75).
-5
Let f(o) = 108*o + 564. Give f(-5).
24
Let b(q) = q**2 + 36*q - 212. Determine b(5).
-7
Let r(k) = k**2 - 168*k - 9073. Calculate r(-43).
0
Let z(q) = q**3 - 5*q**2 - 32*q + 17. Determine z(9).
53
Let u(n) = -2*n**2 - 9*n + 12. Give u(3).
-33
Let n(q) = 2*q**3 - 91*q**2 + 43*q + 131. Calculate n(45).
41
Let l(t) = -4527*t + 63374. Give l(14).
-4
Let f(h) = -132*h - 23501. Calculate f(-178).
-5
Let n(m) = 2*m**3 - 50*m**2 + 304*m - 26. Calculate n(15).
34
Let x(i) = 260*i - 3896. Determine x(15).
4
Let n(i) = 3*i**3 + 6*i**2 + 25. Determine n(6).
889
Let c(l) = 465*l + 14881. Determine c(-32).
1
Let b(f) = 135*f + 2961. Calculate b(-22).
-9
Let j(z) = -2*z**3 + 74*z**2 - 572*z + 13. What is j(11)?
13
Let t(u) = -u**3 - 4*u**2 + 31*u + 110. What is t(-4)?
-14
Let k(l) = 1055*l**2 - l - 1. What is k(1)?
1053
Let l(n) = -422*n + 2727. What is l(6)?
195
Let x(r) = 3073*r - 39958. What is x(13)?
-9
Let u(k) = 56*k**2 - 2071*k - 23. Calculate u(37).
14
Let q(l) = -728*l - 4361. Determine q(-6).
7
Let l(z) = 2*z**2 + 13*z + 44. Give l(-7).
51
Let t(z) = z**2 - 401*z + 4689. Determine t(12).
21
Let r(b) = -2*b**2 - 14*b - 7. Determine r(-4).
17
Let r(v) = -413*v - 818. Calculate r(-2).
8
Let d(s) = -2*s**2 - 27*s + 133. What is d(-19)?
-76
Let y(k) = 36*k - 1045. What is y(29)?
-1
Let w(g) = g**3 - 199*g**2 - 406*g + 780. Calculate w(201).
-24
Let r(o) = 80*o + 316. Determine r(-4).
-4
Let f(j) = 5*j**2 + 93*j - 20. Calculate f(-20).
120
Let o(v) = -v**3 - 31*v**2 - 36*v - 201. Give o(-30).
-21
Let m(y) = -y**3 - 56*y**2 + 251*y + 671. Give m(-60).
11
Let x(q) = q**2 - 76. Determine x(8).
-12
Let t(c) = c**3 + 22*c**2 + 123*c + 2703. Determine t(-22).
-3
Let a(l) = -l**3 - 32*l**2 - 166*l - 12. Determine a(-6).
48
Let c(v) = -4*v**3 - 38*v**2 + 186*v + 50. Determine c(-13).
-2
Let u(g) = -g**3 + 18*g**2 - 54*g - 20. Calculate u(4).
-12
Let u(s) = 4*s**3 + s**2 + 7*s + 36. Determine u(-4).
-232
Let a(h) = -5*h**2 - 60*h + 65. What is a(-13)?
0
Let c(i) = -6*i**2 - 49*i - 22. Calculate c(-8).
-14
Let h(a) = 44*a**2 + 78*a + 5. What is h(-2)?
25
Let b(t) = 180*t + 38702. Calculate b(-215).
2
Let g(p) = -p**3 - 17*p**2 + 26*p - 25. What is g(-19)?
203
Let b(v) = -92*v + 357. Calculate b(5).
-103
Let v(k) = -2*k**2 + 321*k - 9698. Determine v(120).
22
Let x(q) = -2*q**3 + 31*q**2 - 64*q + 315. Calculate x(14).
7
Let o(n) = -13*n**3 + 10*n**2 + 24*n + 62. Give o(-3).
431
Let d(l) = 9*l**2 - 330*l + 1595. Calculate d(5).
170
Let y(i) = -81*i + 1632. Determine y(20).
12
Let m(n) = -2960*n - 53279. Give m(-18).
1
Let g(c) = -c**3 + 17*c**2 + 71*c - 219. Calculate g(20).
1
Let z(q) = 3*q**3 + 20*q**2 - 21*q + 99. Give z(-8).
11
Let u(r) = 10*r**2 - 319*r - 29. Determine u(32).
3
Let n(h) = 87*h**2 - 26*h + 7. Give n(3).
712
Let s(q) = -q**3 - 6*q**2 + 1072*q - 295. Give s(-36).
-7
Let s(c) = -c**3 - 29*c**2 - 14*c + 412. What is s(-28)?
20
Let l(h) = h**3 + 67*h**2 - 360*h - 9. What is l(-72)?
-9
Let a(w) = -52*w**2 + 4*w - 7. Give a(2).
-207
Let x(i) = -8*i**2 - 65*i - 102. Give x(-7).
-39
Let v(d) = -2*d**3 - 130*d**2 - 1350*d + 19. Give v(-52).
-85
Let z(j) = j**2 + 44*j + 661. What is z(-16)?
213
Let m(h) = -h**3 - 11*h**2 + 242*h - 3. Calculate m(11).
-3
Let i(w) = w**3 + 69*w**2 - 11*w - 764. Calculate i(-69).
-5
Let a(r) = -r**3 + 32*r**2 + 33*r - 5. What is a(33)?
-5
Let a(q) = q**2 - 69*q + 832. Calculate a(45).
-248
Let p(b) = 5*b**2 + 14*b - 138. Calculate p(-12).
414
Let m(j) = -17*j**2 - 6*j - 25. Determine m(-4).
-273
Let i(h) = 1112*h + 4444. What is i(-4)?
-4
Let h(u) = -u**3 + 129*u**2 - 1604*u - 776. Give h(115).
-86
Let s(t) = -3*t**3 + 79*t**2 - 233*t + 65. Calculate s(23).
-4
Let f(h) = -h**3 - 433*h**2 + 1746*h + 5. What is f(4)?
-3
Let k(r) = 13*r**2 + 317*r - 1620. Calculate k(5).
290
Let u(o) = -14*o**2 + 368*o - 87. Calculate u(26).
17
Let n(o) = -4*o**3 - 110*o**2 - 91*o + 1685. Determine n(-26).
-5
Let n(s) = s**3 - 3*s**2 + 18*s - 153. What is n(7)?
169
Let l(b) = -4460*b - 8923. Calculate l(-2).
-3
Let h(x) = -x**2 - 30*x + 609. Give h(-44).
-7
Let h(f) = -342*f**2 - 14706*f - 37. Determine h(-43).
-37
Let m(w) = -33*w**2 + 870*w + 4. Give m(26).
316
Let n(l) = -62*l**2 - 149*l - 148. Determine n(-1).
-61
Let m(j) = 59*j - 1061. What is m(17)?
-58
Let r(y) = -y**3 + 192*y**2 + 400*y + 29. What is r(-2)?
5
Let v(a) = -9*a - 584. Determine v(-64).
-8
Let l(i) = -4*i**2 + 14*i + 45. Determine l(12).
-363
Let i(y) = -774*y + 6546. Give i(9).
-420
Let p(n) = 3*n**2 - 4*n - 44. What is p(-5)?
51
Let w(o) = -13*o + 660. Calculate w(48).
36
Let m(g) = g**3 - 6*g**2 - 13*g - 55. Determine m(8).
-31
Let c(z) = 30*z + 342. What is c(-11)?
12
Let k(i) = 269*i - 776. Determine k(3).
31
Let a(t) = -t**3 - 9*t**2 - 10*t + 100. What is a(-10)?
300
Let w(l) = l**3 + 29*l**2 - 33*l - 124. What is w(-30)?
-34
Let d(c) = c**2 + 1118*c + 16549. Calculate d(-15).
4
Let s(j) = -17*j**2 - 932*j + 155. Determine s(-55).
-10
Let s(j) = -2*j + 9. Calculate s(-27).
63
Let h(u) = 141*u - 6772. What is h(48)?
-4
Let n(j) = j**3 + 48*j**2 + 406*j - 42. Calculate n(-37).
-5
Let z(y) = -y**3 + 23*y**2 - 6*y - 744. What is z(21)?
12
Let i(q) = -2*q - 44. Determine i(-26).
8
Let b(v) = 4*v**2 + 205*v - 1797. Calculate b(8).
99
Let g(q) = -q**3 + 22*q**2 - 121*q - 5. What is g(13)?
-57
Let h(s) = -27*s - 84. Determine h(-3).
-3
Let o(g) = -g**3 + 75*g**2 - 5*g + 366. Calculate o(75).
-9
Let x(l) = -7*l**2 + 159*l + 595. Give x(26).
-3
Let f(z) = z**3 + 9*z**2 + 6*z + 137. Calculate f(-8).
153
Let q(w) = -146*w**2 - 582*w + 11. Give q(-4).
3
Let n(p) = 2*p**3 - 114*p**2 - 1025*p + 112. Calculate n(-8).
-8
Let q(j) = j**2 - 275*j + 17009. Give q(181).
-5
Let s(k) = -k**3 - 54*k**2 - 326*k + 24. Calculate s(-7).
3
Let b(j) = j**3 + 125*j**2 - 176*j + 9896. Determine b(-127).
-10
Let i(z) = -9*z**3 - 63*z**2 - 7*z - 51. Calculate i(-7).
-2
Let u(j) = -j**3 + 691*j**2 + 2092*j + 32. Calculate u(-3).
2
Let g(h) = 2*h**3 - 32*h**2 - 212*h + 48. What is g(21)?
6
Let h(u) = 30*u - 6046. Calculate h(200).
-46
Let r(f) = -104*f - 1245. What is r(-12)?
3
Let a(u) = -88*u - 245. What is a(-3)?
19
Let l(i) = i**3 - 77*i**2 - 5*i + 49. What is l(77)?
-336
Let m(a) = 104*a - 5066. Calculate m(49).
30
Let x(q) = -122*q - 1001. Determine x(-8).
-25
Let v(o) = -124*o - 10. Determine v(-1).
114
Let w(s) = -s**3 - 5*s**2 + 55*s - 13. Determine w(5).
12
Let t(l) = 3885*l + 46619. Give t(-12).
-1
Let c(r) = 278*r + 1610. Determine c(-6).
-58
Let h(z) = -19*z**2 - 12*z - 11. Give h(-1).
-18
Let f(v) = -12*v + 1. Give f(12).
-143
Let k(u) = u**3 - 27*u**2 + 115*u - 111. Give k(22).
-1
Let w(a) = -172*a**2 + 11*a + 6. What is w(-2)?
-704
Let i(p) = -p**2 - 3238*p - 6481. Give i(-2).
-9
Let g(j) = -2*j**2 - 30*j + 4378. What is g(-55)?
-22
Let r(k) = -117*k - 2062. Give r(-17).
-73
Let m(a) = -198*a + 122. Determine m(5).
-868
Let i(t) = -t**2 + 193*t + 5446. Calculate i(-25).
-4
Let s(c) = -3*c**2 - 306*c + 2180. Give s(7).
-109
Let t(x) = -2*x**3 + 15*x**2 - 11*x - 5. Give t(0).
-5
Let t(j) = 249*j + 58518. Determine t(-235).
3
Let x(h) = 216*h - 7212. What is x(33)?
-84
Let s(k) = k**3 + 8*k**2 + 18*k + 107. Determine s(-7).
30
Let v(a) = -2*a**3 - 4*a**2 - 42*a - 72. What is v(-2)?
12
Let i(u) = -3*u**3 + 39*u**2 + u - 21. Give i(13).
-8
Let c(a) = -2*a**2 - 291*a - 578. Give c(-2).
-4
Let a(r) = -18*r - 146. Determine a(-6).
-38
Let z(m) = -580*m - 51626. What is z(-89)?
-6
Let n(r) = 1391*r + 9775. Determine n(-7).
38
Let k(f) = -f**3 - 23*f**2 - 19*f - 423. Calculate k(-23).
14
Let j(z) = 61*z + 933. Give j(-16).
-43
Let l(s) = 30*s + 26. What is l(-7)?
-184
Let b(o) = -o**3 + 163*o**2 + 839*o + 173. Calculate b(168).
5
Let n(h) = -81*h - 23. What is n(0)?
-23
Let o(r) = -r**3 + 39*r**2 + 27*r - 1048. Give o(39).
5
Let g(c) = 29*c - 710. Determine g(25).
15
Let g(k) = -k**3 - 55*k**2 + 115*k + 57. What is g(-57)?
0
Let h(s) = -25*s**2 + 3. Calculate h(1).
-22
Let p(b) = b**3 + 63*b**2 + 53*b - 553. Give p(-62).
5
Let k(g) = g**3 + 45*g**2 - 306*g - 3. Calculate k(-51).
-3
Let c(q) = q**3 - 25*q**2 - 45. Calculate c(25).
-45
Let u(i) = -3*i**3 + 205*i**2 + 105*i + 2276. Give u(69).
-1
Let h(o) = -6*o**2 - 112*o - 407. Calculate h(-10).
113
Let t(s) = s**3 + 15*